45.131.193.120 - - [31/Oct/2024:20:51:18 -0400] "GET /build/assets/snapchat-pixel-BPCopAKV.js HTTP/1.1" 200 468 "-" "Mozilla/5.0 (Windows NT 10.0; Win64; x64) AppleWebKit/537.36 (KHTML, like Gecko) Chrome/130.0.0.0 Safari/537.36 Edg/130.0.0.0"
45.131.193.142 - - [31/Oct/2024:20:51:18 -0400] "GET /build/assets/app-B8-sjbfR.js HTTP/1.1" 200 830730 "-" "Mozilla/5.0 (Windows NT 10.0; Win64; x64) AppleWebKit/537.36 (KHTML, like Gecko) Chrome/130.0.0.0 Safari/537.36 Edg/130.0.0.0"
45.131.193.124 - - [31/Oct/2024:20:51:18 -0400] "GET /build/assets/hotjar-BRqiX2SM.js HTTP/1.1" 200 325 "-" "Mozilla/5.0 (Windows NT 10.0; Win64; x64) AppleWebKit/537.36 (KHTML, like Gecko) Chrome/130.0.0.0 Safari/537.36 Edg/130.0.0.0"
45.131.193.120 - - [31/Oct/2024:20:51:18 -0400] "GET /build/assets/twitter-pixel-IhqVvLLZ.js HTTP/1.1" 200 325 "-" "Mozilla/5.0 (Windows NT 10.0; Win64; x64) AppleWebKit/537.36 (KHTML, like Gecko) Chrome/130.0.0.0 Safari/537.36 Edg/130.0.0.0"
45.131.193.118 - - [31/Oct/2024:20:51:18 -0400] "GET /build/assets/snapchat-pixel-BPCopAKV.js HTTP/1.1" 200 468 "-" "Mozilla/5.0 (Windows NT 10.0; Win64; x64) AppleWebKit/537.36 (KHTML, like Gecko) Chrome/130.0.0.0 Safari/537.36 Edg/130.0.0.0"
45.131.193.119 - - [31/Oct/2024:20:51:18 -0400] "GET /build/assets/taboola-pixel-Cw6r5xtw.js HTTP/1.1" 200 339 "-" "Mozilla/5.0 (Windows NT 10.0; Win64; x64) AppleWebKit/537.36 (KHTML, like Gecko) Chrome/130.0.0.0 Safari/537.36 Edg/130.0.0.0"
45.131.193.120 - - [31/Oct/2024:20:51:18 -0400] "GET /build/assets/reddit-pixel-DEgbpKmq.js HTTP/1.1" 200 432 "-" "Mozilla/5.0 (Windows NT 10.0; Win64; x64) AppleWebKit/537.36 (KHTML, like Gecko) Chrome/130.0.0.0 Safari/537.36 Edg/130.0.0.0"
45.131.193.119 - - [31/Oct/2024:20:51:18 -0400] "GET /build/assets/tiktok-pixel-ygvEQfpF.js HTTP/1.1" 200 1010 "-" "Mozilla/5.0 (Windows NT 10.0; Win64; x64) AppleWebKit/537.36 (KHTML, like Gecko) Chrome/130.0.0.0 Safari/537.36 Edg/130.0.0.0"
45.131.193.124 - - [31/Oct/2024:20:51:18 -0400] "GET /build/assets/taboola-pixel-Cw6r5xtw.js HTTP/1.1" 200 339 "-" "Mozilla/5.0 (Windows NT 10.0; Win64; x64) AppleWebKit/537.36 (KHTML, like Gecko) Chrome/130.0.0.0 Safari/537.36 Edg/130.0.0.0"
45.131.193.120 - - [31/Oct/2024:20:51:18 -0400] "GET /build/assets/twitter-pixel-IhqVvLLZ.js HTTP/1.1" 200 325 "-" "Mozilla/5.0 (Windows NT 10.0; Win64; x64) AppleWebKit/537.36 (KHTML, like Gecko) Chrome/130.0.0.0 Safari/537.36 Edg/130.0.0.0"
45.131.193.118 - - [31/Oct/2024:20:51:18 -0400] "GET /build/assets/app-B8-sjbfR.js HTTP/1.1" 200 830730 "-" "Mozilla/5.0 (Windows NT 10.0; Win64; x64) AppleWebKit/537.36 (KHTML, like Gecko) Chrome/130.0.0.0 Safari/537.36 Edg/130.0.0.0"
45.131.193.124 - - [31/Oct/2024:20:51:19 -0400] "GET /build/assets/reddit-pixel-DEgbpKmq.js HTTP/1.1" 200 432 "-" "Mozilla/5.0 (Windows NT 10.0; Win64; x64) AppleWebKit/537.36 (KHTML, like Gecko) Chrome/130.0.0.0 Safari/537.36 Edg/130.0.0.0"
45.131.193.120 - - [31/Oct/2024:20:51:19 -0400] "GET /build/assets/tiktok-pixel-ygvEQfpF.js HTTP/1.1" 200 1010 "-" "Mozilla/5.0 (Windows NT 10.0; Win64; x64) AppleWebKit/537.36 (KHTML, like Gecko) Chrome/130.0.0.0 Safari/537.36 Edg/130.0.0.0"
45.131.193.119 - - [31/Oct/2024:20:51:19 -0400] "GET /build/assets/hotjar-BRqiX2SM.js HTTP/1.1" 200 325 "-" "Mozilla/5.0 (Windows NT 10.0; Win64; x64) AppleWebKit/537.36 (KHTML, like Gecko) Chrome/130.0.0.0 Safari/537.36 Edg/130.0.0.0"
45.131.193.129 - - [31/Oct/2024:20:51:19 -0400] "GET /build/assets/snapchat-pixel-BPCopAKV.js HTTP/1.1" 200 468 "-" "Mozilla/5.0 (Windows NT 10.0; Win64; x64) AppleWebKit/537.36 (KHTML, like Gecko) Chrome/130.0.0.0 Safari/537.36 Edg/130.0.0.0"
45.131.193.120 - - [31/Oct/2024:20:51:19 -0400] "GET /build/assets/app-B8-sjbfR.js HTTP/1.1" 200 830730 "-" "Mozilla/5.0 (Windows NT 10.0; Win64; x64) AppleWebKit/537.36 (KHTML, like Gecko) Chrome/130.0.0.0 Safari/537.36 Edg/130.0.0.0"
45.131.193.120 - - [31/Oct/2024:20:51:20 -0400] "GET /build/assets/twitter-pixel-IhqVvLLZ.js HTTP/1.1" 200 325 "-" "Mozilla/5.0 (Windows NT 10.0; Win64; x64) AppleWebKit/537.36 (KHTML, like Gecko) Chrome/130.0.0.0 Safari/537.36 Edg/130.0.0.0"
45.131.193.119 - - [31/Oct/2024:20:51:20 -0400] "GET /build/assets/taboola-pixel-Cw6r5xtw.js HTTP/1.1" 200 339 "-" "Mozilla/5.0 (Windows NT 10.0; Win64; x64) AppleWebKit/537.36 (KHTML, like Gecko) Chrome/130.0.0.0 Safari/537.36 Edg/130.0.0.0"
45.131.193.123 - - [31/Oct/2024:20:51:32 -0400] "GET /build/assets/app-B8-sjbfR.js HTTP/1.1" 200 830730 "-" "Mozilla/5.0 (Windows NT 10.0; Win64; x64) AppleWebKit/537.36 (KHTML, like Gecko) Chrome/130.0.0.0 Safari/537.36 Edg/130.0.0.0"
45.131.193.121 - - [31/Oct/2024:20:51:33 -0400] "GET /build/assets/reddit-pixel-DEgbpKmq.js HTTP/1.1" 200 432 "-" "Mozilla/5.0 (Windows NT 10.0; Win64; x64) AppleWebKit/537.36 (KHTML, like Gecko) Chrome/130.0.0.0 Safari/537.36 Edg/130.0.0.0"
45.131.193.116 - - [31/Oct/2024:20:51:33 -0400] "GET /build/assets/tiktok-pixel-ygvEQfpF.js HTTP/1.1" 200 1010 "-" "Mozilla/5.0 (Windows NT 10.0; Win64; x64) AppleWebKit/537.36 (KHTML, like Gecko) Chrome/130.0.0.0 Safari/537.36 Edg/130.0.0.0"
45.131.193.134 - - [31/Oct/2024:20:51:33 -0400] "GET /build/assets/snapchat-pixel-BPCopAKV.js HTTP/1.1" 200 468 "-" "Mozilla/5.0 (Windows NT 10.0; Win64; x64) AppleWebKit/537.36 (KHTML, like Gecko) Chrome/130.0.0.0 Safari/537.36 Edg/130.0.0.0"
45.131.193.131 - - [31/Oct/2024:20:51:33 -0400] "GET /build/assets/taboola-pixel-Cw6r5xtw.js HTTP/1.1" 200 339 "-" "Mozilla/5.0 (Windows NT 10.0; Win64; x64) AppleWebKit/537.36 (KHTML, like Gecko) Chrome/130.0.0.0 Safari/537.36 Edg/130.0.0.0"
45.131.193.127 - - [31/Oct/2024:20:51:33 -0400] "GET /build/assets/hotjar-BRqiX2SM.js HTTP/1.1" 200 325 "-" "Mozilla/5.0 (Windows NT 10.0; Win64; x64) AppleWebKit/537.36 (KHTML, like Gecko) Chrome/130.0.0.0 Safari/537.36 Edg/130.0.0.0"
45.131.193.121 - - [31/Oct/2024:20:51:33 -0400] "GET /build/assets/twitter-pixel-IhqVvLLZ.js HTTP/1.1" 200 325 "-" "Mozilla/5.0 (Windows NT 10.0; Win64; x64) AppleWebKit/537.36 (KHTML, like Gecko) Chrome/130.0.0.0 Safari/537.36 Edg/130.0.0.0"
45.131.193.128 - - [31/Oct/2024:20:51:46 -0400] "GET /build/assets/app-B8-sjbfR.js HTTP/1.1" 200 830730 "-" "Mozilla/5.0 (Windows NT 10.0; Win64; x64) AppleWebKit/537.36 (KHTML, like Gecko) Chrome/130.0.0.0 Safari/537.36 Edg/130.0.0.0"
45.131.193.122 - - [31/Oct/2024:20:51:46 -0400] "GET /build/assets/reddit-pixel-DEgbpKmq.js HTTP/1.1" 200 432 "-" "Mozilla/5.0 (Windows NT 10.0; Win64; x64) AppleWebKit/537.36 (KHTML, like Gecko) Chrome/130.0.0.0 Safari/537.36 Edg/130.0.0.0"
45.131.193.132 - - [31/Oct/2024:20:51:46 -0400] "GET /build/assets/hotjar-BRqiX2SM.js HTTP/1.1" 200 325 "-" "Mozilla/5.0 (Windows NT 10.0; Win64; x64) AppleWebKit/537.36 (KHTML, like Gecko) Chrome/130.0.0.0 Safari/537.36 Edg/130.0.0.0"
45.131.193.132 - - [31/Oct/2024:20:51:46 -0400] "GET /build/assets/tiktok-pixel-ygvEQfpF.js HTTP/1.1" 200 1010 "-" "Mozilla/5.0 (Windows NT 10.0; Win64; x64) AppleWebKit/537.36 (KHTML, like Gecko) Chrome/130.0.0.0 Safari/537.36 Edg/130.0.0.0"
45.131.193.119 - - [31/Oct/2024:20:51:46 -0400] "GET /build/assets/snapchat-pixel-BPCopAKV.js HTTP/1.1" 200 468 "-" "Mozilla/5.0 (Windows NT 10.0; Win64; x64) AppleWebKit/537.36 (KHTML, like Gecko) Chrome/130.0.0.0 Safari/537.36 Edg/130.0.0.0"
45.131.193.139 - - [31/Oct/2024:20:51:47 -0400] "GET /build/assets/taboola-pixel-Cw6r5xtw.js HTTP/1.1" 200 339 "-" "Mozilla/5.0 (Windows NT 10.0; Win64; x64) AppleWebKit/537.36 (KHTML, like Gecko) Chrome/130.0.0.0 Safari/537.36 Edg/130.0.0.0"
45.131.193.132 - - [31/Oct/2024:20:51:47 -0400] "GET /build/assets/twitter-pixel-IhqVvLLZ.js HTTP/1.1" 200 325 "-" "Mozilla/5.0 (Windows NT 10.0; Win64; x64) AppleWebKit/537.36 (KHTML, like Gecko) Chrome/130.0.0.0 Safari/537.36 Edg/130.0.0.0"
45.131.193.130 - - [31/Oct/2024:20:51:59 -0400] "GET /build/assets/app-B8-sjbfR.js HTTP/1.1" 200 830730 "-" "Mozilla/5.0 (Windows NT 10.0; Win64; x64) AppleWebKit/537.36 (KHTML, like Gecko) Chrome/130.0.0.0 Safari/537.36 Edg/130.0.0.0"
45.131.193.132 - - [31/Oct/2024:20:51:59 -0400] "GET /build/assets/hotjar-BRqiX2SM.js HTTP/1.1" 200 325 "-" "Mozilla/5.0 (Windows NT 10.0; Win64; x64) AppleWebKit/537.36 (KHTML, like Gecko) Chrome/130.0.0.0 Safari/537.36 Edg/130.0.0.0"
45.131.193.120 - - [31/Oct/2024:20:51:59 -0400] "GET /build/assets/reddit-pixel-DEgbpKmq.js HTTP/1.1" 200 432 "-" "Mozilla/5.0 (Windows NT 10.0; Win64; x64) AppleWebKit/537.36 (KHTML, like Gecko) Chrome/130.0.0.0 Safari/537.36 Edg/130.0.0.0"
45.131.193.139 - - [31/Oct/2024:20:51:59 -0400] "GET /build/assets/snapchat-pixel-BPCopAKV.js HTTP/1.1" 200 468 "-" "Mozilla/5.0 (Windows NT 10.0; Win64; x64) AppleWebKit/537.36 (KHTML, like Gecko) Chrome/130.0.0.0 Safari/537.36 Edg/130.0.0.0"
45.131.193.126 - - [31/Oct/2024:20:51:59 -0400] "GET /build/assets/taboola-pixel-Cw6r5xtw.js HTTP/1.1" 200 339 "-" "Mozilla/5.0 (Windows NT 10.0; Win64; x64) AppleWebKit/537.36 (KHTML, like Gecko) Chrome/130.0.0.0 Safari/537.36 Edg/130.0.0.0"
45.131.193.141 - - [31/Oct/2024:20:51:59 -0400] "GET /build/assets/tiktok-pixel-ygvEQfpF.js HTTP/1.1" 200 1010 "-" "Mozilla/5.0 (Windows NT 10.0; Win64; x64) AppleWebKit/537.36 (KHTML, like Gecko) Chrome/130.0.0.0 Safari/537.36 Edg/130.0.0.0"
45.131.193.120 - - [31/Oct/2024:20:52:00 -0400] "GET /build/assets/twitter-pixel-IhqVvLLZ.js HTTP/1.1" 200 325 "-" "Mozilla/5.0 (Windows NT 10.0; Win64; x64) AppleWebKit/537.36 (KHTML, like Gecko) Chrome/130.0.0.0 Safari/537.36 Edg/130.0.0.0"
45.131.193.139 - - [31/Oct/2024:20:52:00 -0400] "GET /build/assets/hotjar-BRqiX2SM.js HTTP/1.1" 200 325 "-" "Mozilla/5.0 (Windows NT 10.0; Win64; x64) AppleWebKit/537.36 (KHTML, like Gecko) Chrome/130.0.0.0 Safari/537.36 Edg/130.0.0.0"
45.131.193.126 - - [31/Oct/2024:20:52:00 -0400] "GET /build/assets/tiktok-pixel-ygvEQfpF.js HTTP/1.1" 200 1010 "-" "Mozilla/5.0 (Windows NT 10.0; Win64; x64) AppleWebKit/537.36 (KHTML, like Gecko) Chrome/130.0.0.0 Safari/537.36 Edg/130.0.0.0"
45.131.193.141 - - [31/Oct/2024:20:52:00 -0400] "GET /build/assets/reddit-pixel-DEgbpKmq.js HTTP/1.1" 200 432 "-" "Mozilla/5.0 (Windows NT 10.0; Win64; x64) AppleWebKit/537.36 (KHTML, like Gecko) Chrome/130.0.0.0 Safari/537.36 Edg/130.0.0.0"
45.131.193.132 - - [31/Oct/2024:20:52:00 -0400] "GET /build/assets/snapchat-pixel-BPCopAKV.js HTTP/1.1" 200 468 "-" "Mozilla/5.0 (Windows NT 10.0; Win64; x64) AppleWebKit/537.36 (KHTML, like Gecko) Chrome/130.0.0.0 Safari/537.36 Edg/130.0.0.0"
45.131.193.120 - - [31/Oct/2024:20:52:00 -0400] "GET /build/assets/taboola-pixel-Cw6r5xtw.js HTTP/1.1" 200 339 "-" "Mozilla/5.0 (Windows NT 10.0; Win64; x64) AppleWebKit/537.36 (KHTML, like Gecko) Chrome/130.0.0.0 Safari/537.36 Edg/130.0.0.0"
45.131.193.132 - - [31/Oct/2024:20:52:00 -0400] "GET /build/assets/app-B8-sjbfR.js HTTP/1.1" 200 830730 "-" "Mozilla/5.0 (Windows NT 10.0; Win64; x64) AppleWebKit/537.36 (KHTML, like Gecko) Chrome/130.0.0.0 Safari/537.36 Edg/130.0.0.0"
45.131.193.139 - - [31/Oct/2024:20:52:00 -0400] "GET /build/assets/snapchat-pixel-BPCopAKV.js HTTP/1.1" 200 468 "-" "Mozilla/5.0 (Windows NT 10.0; Win64; x64) AppleWebKit/537.36 (KHTML, like Gecko) Chrome/130.0.0.0 Safari/537.36 Edg/130.0.0.0"
45.131.193.126 - - [31/Oct/2024:20:52:00 -0400] "GET /build/assets/hotjar-BRqiX2SM.js HTTP/1.1" 200 325 "-" "Mozilla/5.0 (Windows NT 10.0; Win64; x64) AppleWebKit/537.36 (KHTML, like Gecko) Chrome/130.0.0.0 Safari/537.36 Edg/130.0.0.0"
45.131.193.141 - - [31/Oct/2024:20:52:00 -0400] "GET /build/assets/twitter-pixel-IhqVvLLZ.js HTTP/1.1" 200 325 "-" "Mozilla/5.0 (Windows NT 10.0; Win64; x64) AppleWebKit/537.36 (KHTML, like Gecko) Chrome/130.0.0.0 Safari/537.36 Edg/130.0.0.0"
45.131.193.132 - - [31/Oct/2024:20:52:00 -0400] "GET /build/assets/reddit-pixel-DEgbpKmq.js HTTP/1.1" 200 432 "-" "Mozilla/5.0 (Windows NT 10.0; Win64; x64) AppleWebKit/537.36 (KHTML, like Gecko) Chrome/130.0.0.0 Safari/537.36 Edg/130.0.0.0"
45.131.193.120 - - [31/Oct/2024:20:52:00 -0400] "GET /build/assets/tiktok-pixel-ygvEQfpF.js HTTP/1.1" 200 1010 "-" "Mozilla/5.0 (Windows NT 10.0; Win64; x64) AppleWebKit/537.36 (KHTML, like Gecko) Chrome/130.0.0.0 Safari/537.36 Edg/130.0.0.0"
45.131.193.132 - - [31/Oct/2024:20:52:00 -0400] "GET /build/assets/taboola-pixel-Cw6r5xtw.js HTTP/1.1" 200 339 "-" "Mozilla/5.0 (Windows NT 10.0; Win64; x64) AppleWebKit/537.36 (KHTML, like Gecko) Chrome/130.0.0.0 Safari/537.36 Edg/130.0.0.0"
45.131.193.141 - - [31/Oct/2024:20:52:00 -0400] "GET /build/assets/twitter-pixel-IhqVvLLZ.js HTTP/1.1" 200 325 "-" "Mozilla/5.0 (Windows NT 10.0; Win64; x64) AppleWebKit/537.36 (KHTML, like Gecko) Chrome/130.0.0.0 Safari/537.36 Edg/130.0.0.0"
45.131.193.126 - - [31/Oct/2024:20:52:00 -0400] "GET /build/assets/app-B8-sjbfR.js HTTP/1.1" 200 830730 "-" "Mozilla/5.0 (Windows NT 10.0; Win64; x64) AppleWebKit/537.36 (KHTML, like Gecko) Chrome/130.0.0.0 Safari/537.36 Edg/130.0.0.0"
45.131.193.123 - - [31/Oct/2024:20:52:00 -0400] "GET /images/52-percent.png HTTP/1.1" 200 73619 "https://insights.hotjar.com/" "Mozilla/5.0 (Windows NT 10.0; Win64; x64) AppleWebKit/537.36 (KHTML, like Gecko) Chrome/130.0.0.0 Safari/537.36 Edg/130.0.0.0"
45.131.193.128 - - [31/Oct/2024:20:52:00 -0400] "GET /images/man-reading.jpg HTTP/1.1" 200 445706 "https://insights.hotjar.com/" "Mozilla/5.0 (Windows NT 10.0; Win64; x64) AppleWebKit/537.36 (KHTML, like Gecko) Chrome/130.0.0.0 Safari/537.36 Edg/130.0.0.0"
45.131.193.135 - - [31/Oct/2024:20:52:00 -0400] "GET /images/old-couple.jpg HTTP/1.1" 200 1411669 "https://insights.hotjar.com/" "Mozilla/5.0 (Windows NT 10.0; Win64; x64) AppleWebKit/537.36 (KHTML, like Gecko) Chrome/130.0.0.0 Safari/537.36 Edg/130.0.0.0"
45.131.193.119 - - [31/Oct/2024:20:52:00 -0400] "GET /images/doctor-prescribing.jpg HTTP/1.1" 200 2077290 "https://insights.hotjar.com/" "Mozilla/5.0 (Windows NT 10.0; Win64; x64) AppleWebKit/537.36 (KHTML, like Gecko) Chrome/130.0.0.0 Safari/537.36 Edg/130.0.0.0"
45.131.193.128 - - [31/Oct/2024:20:52:01 -0400] "GET /images/drug-prescription.jpg HTTP/1.1" 200 1202631 "https://insights.hotjar.com/" "Mozilla/5.0 (Windows NT 10.0; Win64; x64) AppleWebKit/537.36 (KHTML, like Gecko) Chrome/130.0.0.0 Safari/537.36 Edg/130.0.0.0"
45.131.193.123 - - [31/Oct/2024:20:52:08 -0400] "GET /build/assets/app-B8-sjbfR.js HTTP/1.1" 200 830730 "-" "Mozilla/5.0 (Windows NT 10.0; Win64; x64) AppleWebKit/537.36 (KHTML, like Gecko) Chrome/130.0.0.0 Safari/537.36 Edg/130.0.0.0"
45.131.193.132 - - [31/Oct/2024:20:52:08 -0400] "GET /build/assets/hotjar-BRqiX2SM.js HTTP/1.1" 200 325 "-" "Mozilla/5.0 (Windows NT 10.0; Win64; x64) AppleWebKit/537.36 (KHTML, like Gecko) Chrome/130.0.0.0 Safari/537.36 Edg/130.0.0.0"
45.131.193.118 - - [31/Oct/2024:20:52:08 -0400] "GET /build/assets/tiktok-pixel-ygvEQfpF.js HTTP/1.1" 200 1010 "-" "Mozilla/5.0 (Windows NT 10.0; Win64; x64) AppleWebKit/537.36 (KHTML, like Gecko) Chrome/130.0.0.0 Safari/537.36 Edg/130.0.0.0"
45.131.193.138 - - [31/Oct/2024:20:52:08 -0400] "GET /build/assets/reddit-pixel-DEgbpKmq.js HTTP/1.1" 200 432 "-" "Mozilla/5.0 (Windows NT 10.0; Win64; x64) AppleWebKit/537.36 (KHTML, like Gecko) Chrome/130.0.0.0 Safari/537.36 Edg/130.0.0.0"
45.131.193.136 - - [31/Oct/2024:20:52:08 -0400] "GET /build/assets/taboola-pixel-Cw6r5xtw.js HTTP/1.1" 200 339 "-" "Mozilla/5.0 (Windows NT 10.0; Win64; x64) AppleWebKit/537.36 (KHTML, like Gecko) Chrome/130.0.0.0 Safari/537.36 Edg/130.0.0.0"
45.131.193.133 - - [31/Oct/2024:20:52:08 -0400] "GET /build/assets/snapchat-pixel-BPCopAKV.js HTTP/1.1" 200 468 "-" "Mozilla/5.0 (Windows NT 10.0; Win64; x64) AppleWebKit/537.36 (KHTML, like Gecko) Chrome/130.0.0.0 Safari/537.36 Edg/130.0.0.0"
45.131.193.136 - - [31/Oct/2024:20:52:08 -0400] "GET /build/assets/twitter-pixel-IhqVvLLZ.js HTTP/1.1" 200 325 "-" "Mozilla/5.0 (Windows NT 10.0; Win64; x64) AppleWebKit/537.36 (KHTML, like Gecko) Chrome/130.0.0.0 Safari/537.36 Edg/130.0.0.0"
45.131.193.136 - - [31/Oct/2024:20:52:08 -0400] "GET /build/assets/hotjar-BRqiX2SM.js HTTP/1.1" 200 325 "-" "Mozilla/5.0 (Windows NT 10.0; Win64; x64) AppleWebKit/537.36 (KHTML, like Gecko) Chrome/130.0.0.0 Safari/537.36 Edg/130.0.0.0"
45.131.193.138 - - [31/Oct/2024:20:52:08 -0400] "GET /build/assets/reddit-pixel-DEgbpKmq.js HTTP/1.1" 200 432 "-" "Mozilla/5.0 (Windows NT 10.0; Win64; x64) AppleWebKit/537.36 (KHTML, like Gecko) Chrome/130.0.0.0 Safari/537.36 Edg/130.0.0.0"
45.131.193.118 - - [31/Oct/2024:20:52:08 -0400] "GET /build/assets/taboola-pixel-Cw6r5xtw.js HTTP/1.1" 200 339 "-" "Mozilla/5.0 (Windows NT 10.0; Win64; x64) AppleWebKit/537.36 (KHTML, like Gecko) Chrome/130.0.0.0 Safari/537.36 Edg/130.0.0.0"
45.131.193.133 - - [31/Oct/2024:20:52:08 -0400] "GET /build/assets/tiktok-pixel-ygvEQfpF.js HTTP/1.1" 200 1010 "-" "Mozilla/5.0 (Windows NT 10.0; Win64; x64) AppleWebKit/537.36 (KHTML, like Gecko) Chrome/130.0.0.0 Safari/537.36 Edg/130.0.0.0"
45.131.193.132 - - [31/Oct/2024:20:52:08 -0400] "GET /build/assets/app-B8-sjbfR.js HTTP/1.1" 200 830730 "-" "Mozilla/5.0 (Windows NT 10.0; Win64; x64) AppleWebKit/537.36 (KHTML, like Gecko) Chrome/130.0.0.0 Safari/537.36 Edg/130.0.0.0"
45.131.193.136 - - [31/Oct/2024:20:52:09 -0400] "GET /build/assets/snapchat-pixel-BPCopAKV.js HTTP/1.1" 200 468 "-" "Mozilla/5.0 (Windows NT 10.0; Win64; x64) AppleWebKit/537.36 (KHTML, like Gecko) Chrome/130.0.0.0 Safari/537.36 Edg/130.0.0.0"
45.131.193.136 - - [31/Oct/2024:20:52:09 -0400] "GET /build/assets/twitter-pixel-IhqVvLLZ.js HTTP/1.1" 200 325 "-" "Mozilla/5.0 (Windows NT 10.0; Win64; x64) AppleWebKit/537.36 (KHTML, like Gecko) Chrome/130.0.0.0 Safari/537.36 Edg/130.0.0.0"
45.131.193.138 - - [31/Oct/2024:20:52:09 -0400] "GET /build/assets/tiktok-pixel-ygvEQfpF.js HTTP/1.1" 200 1010 "-" "Mozilla/5.0 (Windows NT 10.0; Win64; x64) AppleWebKit/537.36 (KHTML, like Gecko) Chrome/130.0.0.0 Safari/537.36 Edg/130.0.0.0"
45.131.193.133 - - [31/Oct/2024:20:52:09 -0400] "GET /build/assets/reddit-pixel-DEgbpKmq.js HTTP/1.1" 200 432 "-" "Mozilla/5.0 (Windows NT 10.0; Win64; x64) AppleWebKit/537.36 (KHTML, like Gecko) Chrome/130.0.0.0 Safari/537.36 Edg/130.0.0.0"
45.131.193.118 - - [31/Oct/2024:20:52:09 -0400] "GET /build/assets/hotjar-BRqiX2SM.js HTTP/1.1" 200 325 "-" "Mozilla/5.0 (Windows NT 10.0; Win64; x64) AppleWebKit/537.36 (KHTML, like Gecko) Chrome/130.0.0.0 Safari/537.36 Edg/130.0.0.0"
45.131.193.136 - - [31/Oct/2024:20:52:09 -0400] "GET /build/assets/twitter-pixel-IhqVvLLZ.js HTTP/1.1" 200 325 "-" "Mozilla/5.0 (Windows NT 10.0; Win64; x64) AppleWebKit/537.36 (KHTML, like Gecko) Chrome/130.0.0.0 Safari/537.36 Edg/130.0.0.0"
45.131.193.136 - - [31/Oct/2024:20:52:09 -0400] "GET /build/assets/taboola-pixel-Cw6r5xtw.js HTTP/1.1" 200 339 "-" "Mozilla/5.0 (Windows NT 10.0; Win64; x64) AppleWebKit/537.36 (KHTML, like Gecko) Chrome/130.0.0.0 Safari/537.36 Edg/130.0.0.0"
45.131.193.138 - - [31/Oct/2024:20:52:09 -0400] "GET /build/assets/snapchat-pixel-BPCopAKV.js HTTP/1.1" 200 468 "-" "Mozilla/5.0 (Windows NT 10.0; Win64; x64) AppleWebKit/537.36 (KHTML, like Gecko) Chrome/130.0.0.0 Safari/537.36 Edg/130.0.0.0"
45.131.193.133 - - [31/Oct/2024:20:52:09 -0400] "GET /build/assets/app-B8-sjbfR.js HTTP/1.1" 200 830730 "-" "Mozilla/5.0 (Windows NT 10.0; Win64; x64) AppleWebKit/537.36 (KHTML, like Gecko) Chrome/130.0.0.0 Safari/537.36 Edg/130.0.0.0"
45.131.193.136 - - [31/Oct/2024:20:52:10 -0400] "GET /build/assets/reddit-pixel-DEgbpKmq.js HTTP/1.1" 200 432 "-" "Mozilla/5.0 (Windows NT 10.0; Win64; x64) AppleWebKit/537.36 (KHTML, like Gecko) Chrome/130.0.0.0 Safari/537.36 Edg/130.0.0.0"
45.131.193.131 - - [31/Oct/2024:20:52:10 -0400] "GET /build/assets/snapchat-pixel-BPCopAKV.js HTTP/1.1" 200 468 "-" "Mozilla/5.0 (Windows NT 10.0; Win64; x64) AppleWebKit/537.36 (KHTML, like Gecko) Chrome/130.0.0.0 Safari/537.36 Edg/130.0.0.0"
45.131.193.136 - - [31/Oct/2024:20:52:10 -0400] "GET /build/assets/hotjar-BRqiX2SM.js HTTP/1.1" 200 325 "-" "Mozilla/5.0 (Windows NT 10.0; Win64; x64) AppleWebKit/537.36 (KHTML, like Gecko) Chrome/130.0.0.0 Safari/537.36 Edg/130.0.0.0"
45.131.193.118 - - [31/Oct/2024:20:52:10 -0400] "GET /build/assets/tiktok-pixel-ygvEQfpF.js HTTP/1.1" 200 1010 "-" "Mozilla/5.0 (Windows NT 10.0; Win64; x64) AppleWebKit/537.36 (KHTML, like Gecko) Chrome/130.0.0.0 Safari/537.36 Edg/130.0.0.0"
45.131.193.138 - - [31/Oct/2024:20:52:10 -0400] "GET /build/assets/app-B8-sjbfR.js HTTP/1.1" 200 830730 "-" "Mozilla/5.0 (Windows NT 10.0; Win64; x64) AppleWebKit/537.36 (KHTML, like Gecko) Chrome/130.0.0.0 Safari/537.36 Edg/130.0.0.0"
45.131.193.131 - - [31/Oct/2024:20:52:11 -0400] "GET /build/assets/taboola-pixel-Cw6r5xtw.js HTTP/1.1" 200 339 "-" "Mozilla/5.0 (Windows NT 10.0; Win64; x64) AppleWebKit/537.36 (KHTML, like Gecko) Chrome/130.0.0.0 Safari/537.36 Edg/130.0.0.0"
45.131.193.136 - - [31/Oct/2024:20:52:11 -0400] "GET /build/assets/twitter-pixel-IhqVvLLZ.js HTTP/1.1" 200 325 "-" "Mozilla/5.0 (Windows NT 10.0; Win64; x64) AppleWebKit/537.36 (KHTML, like Gecko) Chrome/130.0.0.0 Safari/537.36 Edg/130.0.0.0"
45.131.193.131 - - [31/Oct/2024:20:52:15 -0400] "GET /build/assets/hotjar-BRqiX2SM.js HTTP/1.1" 200 325 "-" "Mozilla/5.0 (Windows NT 10.0; Win64; x64) AppleWebKit/537.36 (KHTML, like Gecko) Chrome/130.0.0.0 Safari/537.36 Edg/130.0.0.0"
45.131.193.121 - - [31/Oct/2024:20:52:15 -0400] "GET /build/assets/snapchat-pixel-BPCopAKV.js HTTP/1.1" 200 468 "-" "Mozilla/5.0 (Windows NT 10.0; Win64; x64) AppleWebKit/537.36 (KHTML, like Gecko) Chrome/130.0.0.0 Safari/537.36 Edg/130.0.0.0"
45.131.193.136 - - [31/Oct/2024:20:52:15 -0400] "GET /build/assets/tiktok-pixel-ygvEQfpF.js HTTP/1.1" 200 1010 "-" "Mozilla/5.0 (Windows NT 10.0; Win64; x64) AppleWebKit/537.36 (KHTML, like Gecko) Chrome/130.0.0.0 Safari/537.36 Edg/130.0.0.0"
45.131.193.118 - - [31/Oct/2024:20:52:15 -0400] "GET /build/assets/reddit-pixel-DEgbpKmq.js HTTP/1.1" 200 432 "-" "Mozilla/5.0 (Windows NT 10.0; Win64; x64) AppleWebKit/537.36 (KHTML, like Gecko) Chrome/130.0.0.0 Safari/537.36 Edg/130.0.0.0"
45.131.193.121 - - [31/Oct/2024:20:52:15 -0400] "GET /build/assets/twitter-pixel-IhqVvLLZ.js HTTP/1.1" 200 325 "-" "Mozilla/5.0 (Windows NT 10.0; Win64; x64) AppleWebKit/537.36 (KHTML, like Gecko) Chrome/130.0.0.0 Safari/537.36 Edg/130.0.0.0"
45.131.193.118 - - [31/Oct/2024:20:52:15 -0400] "GET /build/assets/taboola-pixel-Cw6r5xtw.js HTTP/1.1" 200 339 "-" "Mozilla/5.0 (Windows NT 10.0; Win64; x64) AppleWebKit/537.36 (KHTML, like Gecko) Chrome/130.0.0.0 Safari/537.36 Edg/130.0.0.0"
45.131.193.136 - - [31/Oct/2024:20:52:15 -0400] "GET /build/assets/app-B8-sjbfR.js HTTP/1.1" 200 830730 "-" "Mozilla/5.0 (Windows NT 10.0; Win64; x64) AppleWebKit/537.36 (KHTML, like Gecko) Chrome/130.0.0.0 Safari/537.36 Edg/130.0.0.0"
45.131.193.131 - - [31/Oct/2024:20:52:18 -0400] "GET /build/assets/tiktok-pixel-ygvEQfpF.js HTTP/1.1" 200 1010 "-" "Mozilla/5.0 (Windows NT 10.0; Win64; x64) AppleWebKit/537.36 (KHTML, like Gecko) Chrome/130.0.0.0 Safari/537.36 Edg/130.0.0.0"
45.131.193.121 - - [31/Oct/2024:20:52:18 -0400] "GET /build/assets/hotjar-BRqiX2SM.js HTTP/1.1" 200 325 "-" "Mozilla/5.0 (Windows NT 10.0; Win64; x64) AppleWebKit/537.36 (KHTML, like Gecko) Chrome/130.0.0.0 Safari/537.36 Edg/130.0.0.0"
45.131.193.136 - - [31/Oct/2024:20:52:18 -0400] "GET /build/assets/reddit-pixel-DEgbpKmq.js HTTP/1.1" 200 432 "-" "Mozilla/5.0 (Windows NT 10.0; Win64; x64) AppleWebKit/537.36 (KHTML, like Gecko) Chrome/130.0.0.0 Safari/537.36 Edg/130.0.0.0"
45.131.193.116 - - [31/Oct/2024:20:52:18 -0400] "GET /build/assets/snapchat-pixel-BPCopAKV.js HTTP/1.1" 200 468 "-" "Mozilla/5.0 (Windows NT 10.0; Win64; x64) AppleWebKit/537.36 (KHTML, like Gecko) Chrome/130.0.0.0 Safari/537.36 Edg/130.0.0.0"
45.131.193.118 - - [31/Oct/2024:20:52:18 -0400] "GET /build/assets/app-B8-sjbfR.js HTTP/1.1" 200 830730 "-" "Mozilla/5.0 (Windows NT 10.0; Win64; x64) AppleWebKit/537.36 (KHTML, like Gecko) Chrome/130.0.0.0 Safari/537.36 Edg/130.0.0.0"
45.131.193.137 - - [31/Oct/2024:20:52:19 -0400] "GET /build/assets/hotjar-BRqiX2SM.js HTTP/1.1" 200 325 "-" "Mozilla/5.0 (Windows NT 10.0; Win64; x64) AppleWebKit/537.36 (KHTML, like Gecko) Chrome/130.0.0.0 Safari/537.36 Edg/130.0.0.0"
45.131.193.137 - - [31/Oct/2024:20:52:19 -0400] "GET /build/assets/reddit-pixel-DEgbpKmq.js HTTP/1.1" 200 432 "-" "Mozilla/5.0 (Windows NT 10.0; Win64; x64) AppleWebKit/537.36 (KHTML, like Gecko) Chrome/130.0.0.0 Safari/537.36 Edg/130.0.0.0"
45.131.193.141 - - [31/Oct/2024:20:52:19 -0400] "GET /build/assets/tiktok-pixel-ygvEQfpF.js HTTP/1.1" 200 1010 "-" "Mozilla/5.0 (Windows NT 10.0; Win64; x64) AppleWebKit/537.36 (KHTML, like Gecko) Chrome/130.0.0.0 Safari/537.36 Edg/130.0.0.0"
45.131.193.126 - - [31/Oct/2024:20:52:19 -0400] "GET /build/assets/app-B8-sjbfR.js HTTP/1.1" 200 830730 "-" "Mozilla/5.0 (Windows NT 10.0; Win64; x64) AppleWebKit/537.36 (KHTML, like Gecko) Chrome/130.0.0.0 Safari/537.36 Edg/130.0.0.0"
45.131.193.123 - - [31/Oct/2024:20:52:19 -0400] "GET /build/assets/snapchat-pixel-BPCopAKV.js HTTP/1.1" 200 468 "-" "Mozilla/5.0 (Windows NT 10.0; Win64; x64) AppleWebKit/537.36 (KHTML, like Gecko) Chrome/130.0.0.0 Safari/537.36 Edg/130.0.0.0"
45.131.193.129 - - [31/Oct/2024:20:52:19 -0400] "GET /build/assets/taboola-pixel-Cw6r5xtw.js HTTP/1.1" 200 339 "-" "Mozilla/5.0 (Windows NT 10.0; Win64; x64) AppleWebKit/537.36 (KHTML, like Gecko) Chrome/130.0.0.0 Safari/537.36 Edg/130.0.0.0"
45.131.193.137 - - [31/Oct/2024:20:52:19 -0400] "GET /build/assets/twitter-pixel-IhqVvLLZ.js HTTP/1.1" 200 325 "-" "Mozilla/5.0 (Windows NT 10.0; Win64; x64) AppleWebKit/537.36 (KHTML, like Gecko) Chrome/130.0.0.0 Safari/537.36 Edg/130.0.0.0"
45.131.193.141 - - [31/Oct/2024:20:52:21 -0400] "GET /build/assets/tiktok-pixel-ygvEQfpF.js HTTP/1.1" 200 1010 "-" "Mozilla/5.0 (Windows NT 10.0; Win64; x64) AppleWebKit/537.36 (KHTML, like Gecko) Chrome/130.0.0.0 Safari/537.36 Edg/130.0.0.0"
45.131.193.129 - - [31/Oct/2024:20:52:21 -0400] "GET /build/assets/hotjar-BRqiX2SM.js HTTP/1.1" 200 325 "-" "Mozilla/5.0 (Windows NT 10.0; Win64; x64) AppleWebKit/537.36 (KHTML, like Gecko) Chrome/130.0.0.0 Safari/537.36 Edg/130.0.0.0"
45.131.193.137 - - [31/Oct/2024:20:52:21 -0400] "GET /build/assets/snapchat-pixel-BPCopAKV.js HTTP/1.1" 200 468 "-" "Mozilla/5.0 (Windows NT 10.0; Win64; x64) AppleWebKit/537.36 (KHTML, like Gecko) Chrome/130.0.0.0 Safari/537.36 Edg/130.0.0.0"
45.131.193.123 - - [31/Oct/2024:20:52:21 -0400] "GET /build/assets/reddit-pixel-DEgbpKmq.js HTTP/1.1" 200 432 "-" "Mozilla/5.0 (Windows NT 10.0; Win64; x64) AppleWebKit/537.36 (KHTML, like Gecko) Chrome/130.0.0.0 Safari/537.36 Edg/130.0.0.0"
45.131.193.141 - - [31/Oct/2024:20:52:21 -0400] "GET /build/assets/twitter-pixel-IhqVvLLZ.js HTTP/1.1" 200 325 "-" "Mozilla/5.0 (Windows NT 10.0; Win64; x64) AppleWebKit/537.36 (KHTML, like Gecko) Chrome/130.0.0.0 Safari/537.36 Edg/130.0.0.0"
45.131.193.123 - - [31/Oct/2024:20:52:21 -0400] "GET /build/assets/taboola-pixel-Cw6r5xtw.js HTTP/1.1" 200 339 "-" "Mozilla/5.0 (Windows NT 10.0; Win64; x64) AppleWebKit/537.36 (KHTML, like Gecko) Chrome/130.0.0.0 Safari/537.36 Edg/130.0.0.0"
45.131.193.137 - - [31/Oct/2024:20:52:21 -0400] "GET /build/assets/app-B8-sjbfR.js HTTP/1.1" 200 830730 "-" "Mozilla/5.0 (Windows NT 10.0; Win64; x64) AppleWebKit/537.36 (KHTML, like Gecko) Chrome/130.0.0.0 Safari/537.36 Edg/130.0.0.0"
45.131.193.141 - - [31/Oct/2024:20:52:25 -0400] "GET /build/assets/hotjar-BRqiX2SM.js HTTP/1.1" 200 325 "-" "Mozilla/5.0 (Windows NT 10.0; Win64; x64) AppleWebKit/537.36 (KHTML, like Gecko) Chrome/130.0.0.0 Safari/537.36 Edg/130.0.0.0"
45.131.193.129 - - [31/Oct/2024:20:52:25 -0400] "GET /build/assets/tiktok-pixel-ygvEQfpF.js HTTP/1.1" 200 1010 "-" "Mozilla/5.0 (Windows NT 10.0; Win64; x64) AppleWebKit/537.36 (KHTML, like Gecko) Chrome/130.0.0.0 Safari/537.36 Edg/130.0.0.0"
45.131.193.116 - - [31/Oct/2024:20:52:25 -0400] "GET /build/assets/snapchat-pixel-BPCopAKV.js HTTP/1.1" 200 468 "-" "Mozilla/5.0 (Windows NT 10.0; Win64; x64) AppleWebKit/537.36 (KHTML, like Gecko) Chrome/130.0.0.0 Safari/537.36 Edg/130.0.0.0"
45.131.193.137 - - [31/Oct/2024:20:52:25 -0400] "GET /build/assets/reddit-pixel-DEgbpKmq.js HTTP/1.1" 200 432 "-" "Mozilla/5.0 (Windows NT 10.0; Win64; x64) AppleWebKit/537.36 (KHTML, like Gecko) Chrome/130.0.0.0 Safari/537.36 Edg/130.0.0.0"
45.131.193.123 - - [31/Oct/2024:20:52:25 -0400] "GET /build/assets/app-B8-sjbfR.js HTTP/1.1" 200 830730 "-" "Mozilla/5.0 (Windows NT 10.0; Win64; x64) AppleWebKit/537.36 (KHTML, like Gecko) Chrome/130.0.0.0 Safari/537.36 Edg/130.0.0.0"
45.131.193.141 - - [31/Oct/2024:20:52:25 -0400] "GET /build/assets/twitter-pixel-IhqVvLLZ.js HTTP/1.1" 200 325 "-" "Mozilla/5.0 (Windows NT 10.0; Win64; x64) AppleWebKit/537.36 (KHTML, like Gecko) Chrome/130.0.0.0 Safari/537.36 Edg/130.0.0.0"
45.131.193.116 - - [31/Oct/2024:20:52:25 -0400] "GET /build/assets/taboola-pixel-Cw6r5xtw.js HTTP/1.1" 200 339 "-" "Mozilla/5.0 (Windows NT 10.0; Win64; x64) AppleWebKit/537.36 (KHTML, like Gecko) Chrome/130.0.0.0 Safari/537.36 Edg/130.0.0.0"
45.131.193.136 - - [31/Oct/2024:20:52:36 -0400] "GET /build/assets/app-B8-sjbfR.js HTTP/1.1" 200 830730 "-" "Mozilla/5.0 (Windows NT 10.0; Win64; x64) AppleWebKit/537.36 (KHTML, like Gecko) Chrome/130.0.0.0 Safari/537.36 Edg/130.0.0.0"
45.131.193.134 - - [31/Oct/2024:20:52:36 -0400] "GET /build/assets/hotjar-BRqiX2SM.js HTTP/1.1" 200 325 "-" "Mozilla/5.0 (Windows NT 10.0; Win64; x64) AppleWebKit/537.36 (KHTML, like Gecko) Chrome/130.0.0.0 Safari/537.36 Edg/130.0.0.0"
45.131.193.135 - - [31/Oct/2024:20:52:36 -0400] "GET /build/assets/reddit-pixel-DEgbpKmq.js HTTP/1.1" 200 432 "-" "Mozilla/5.0 (Windows NT 10.0; Win64; x64) AppleWebKit/537.36 (KHTML, like Gecko) Chrome/130.0.0.0 Safari/537.36 Edg/130.0.0.0"
45.131.193.134 - - [31/Oct/2024:20:52:36 -0400] "GET /build/assets/tiktok-pixel-ygvEQfpF.js HTTP/1.1" 200 1010 "-" "Mozilla/5.0 (Windows NT 10.0; Win64; x64) AppleWebKit/537.36 (KHTML, like Gecko) Chrome/130.0.0.0 Safari/537.36 Edg/130.0.0.0"
45.131.193.135 - - [31/Oct/2024:20:52:37 -0400] "GET /build/assets/snapchat-pixel-BPCopAKV.js HTTP/1.1" 200 468 "-" "Mozilla/5.0 (Windows NT 10.0; Win64; x64) AppleWebKit/537.36 (KHTML, like Gecko) Chrome/130.0.0.0 Safari/537.36 Edg/130.0.0.0"
45.131.193.134 - - [31/Oct/2024:20:52:37 -0400] "GET /build/assets/taboola-pixel-Cw6r5xtw.js HTTP/1.1" 200 339 "-" "Mozilla/5.0 (Windows NT 10.0; Win64; x64) AppleWebKit/537.36 (KHTML, like Gecko) Chrome/130.0.0.0 Safari/537.36 Edg/130.0.0.0"
45.131.193.135 - - [31/Oct/2024:20:52:37 -0400] "GET /build/assets/twitter-pixel-IhqVvLLZ.js HTTP/1.1" 200 325 "-" "Mozilla/5.0 (Windows NT 10.0; Win64; x64) AppleWebKit/537.36 (KHTML, like Gecko) Chrome/130.0.0.0 Safari/537.36 Edg/130.0.0.0"
31.220.97.151 - - [31/Oct/2024:21:07:55 -0400] "GET / HTTP/1.1" 200 211421 "-" "Mozilla/5.0 (Macintosh; Intel Mac OS X 10_15_7) AppleWebKit/537.36 (KHTML, like Gecko) Chrome/93.0.4577.0 Safari/537.36"
66.249.92.146 - - [31/Oct/2024:21:08:30 -0400] "GET /landing-page6 HTTP/1.1" 200 249809 "-" "Mozilla/5.0 (X11; Linux x86_64) AppleWebKit/537.36 (KHTML, like Gecko; compatible; pageburst) Chrome/130.0.6723.69 Safari/537.36"
66.249.92.144 - - [31/Oct/2024:21:08:31 -0400] "GET /build/assets/app-CvKm91Kh.css HTTP/1.1" 200 216872 "https://gomdusa.com/landing-page6" "Mozilla/5.0 (X11; Linux x86_64) AppleWebKit/537.36 (KHTML, like Gecko; compatible; pageburst) Chrome/130.0.6723.69 Safari/537.36"
66.249.92.145 - - [31/Oct/2024:21:08:31 -0400] "GET /build/assets/tiktok-pixel-ygvEQfpF.js HTTP/1.1" 200 1010 "-" "Mozilla/5.0 (X11; Linux x86_64) AppleWebKit/537.36 (KHTML, like Gecko; compatible; pageburst) Chrome/130.0.6723.69 Safari/537.36"
66.249.92.146 - - [31/Oct/2024:21:08:32 -0400] "GET /build/assets/snapchat-pixel-BPCopAKV.js HTTP/1.1" 200 468 "-" "Mozilla/5.0 (X11; Linux x86_64) AppleWebKit/537.36 (KHTML, like Gecko; compatible; pageburst) Chrome/130.0.6723.69 Safari/537.36"
66.249.92.145 - - [31/Oct/2024:21:08:32 -0400] "GET /build/assets/taboola-pixel-Cw6r5xtw.js HTTP/1.1" 200 339 "-" "Mozilla/5.0 (X11; Linux x86_64) AppleWebKit/537.36 (KHTML, like Gecko; compatible; pageburst) Chrome/130.0.6723.69 Safari/537.36"
66.249.92.144 - - [31/Oct/2024:21:08:33 -0400] "GET /build/assets/app-B8-sjbfR.js HTTP/1.1" 200 830730 "-" "Mozilla/5.0 (X11; Linux x86_64) AppleWebKit/537.36 (KHTML, like Gecko; compatible; pageburst) Chrome/130.0.6723.69 Safari/537.36"
66.249.92.145 - - [31/Oct/2024:21:08:33 -0400] "GET /build/assets/twitter-pixel-IhqVvLLZ.js HTTP/1.1" 200 325 "-" "Mozilla/5.0 (X11; Linux x86_64) AppleWebKit/537.36 (KHTML, like Gecko; compatible; pageburst) Chrome/130.0.6723.69 Safari/537.36"
66.249.92.146 - - [31/Oct/2024:21:08:34 -0400] "GET /build/assets/reddit-pixel-DEgbpKmq.js HTTP/1.1" 200 432 "-" "Mozilla/5.0 (X11; Linux x86_64) AppleWebKit/537.36 (KHTML, like Gecko; compatible; pageburst) Chrome/130.0.6723.69 Safari/537.36"
66.249.92.145 - - [31/Oct/2024:21:08:34 -0400] "GET /build/assets/hotjar-BRqiX2SM.js HTTP/1.1" 200 325 "-" "Mozilla/5.0 (X11; Linux x86_64) AppleWebKit/537.36 (KHTML, like Gecko; compatible; pageburst) Chrome/130.0.6723.69 Safari/537.36"
66.249.92.144 - - [31/Oct/2024:21:08:35 -0400] "GET /build/assets/nprogress-BG52rAyG.js HTTP/1.1" 200 4627 "https://gomdusa.com/build/assets/app-B8-sjbfR.js" "Mozilla/5.0 (X11; Linux x86_64) AppleWebKit/537.36 (KHTML, like Gecko; compatible; pageburst) Chrome/130.0.6723.69 Safari/537.36"
66.249.92.144 - - [31/Oct/2024:21:08:35 -0400] "GET /images/logo-square.png HTTP/1.1" 200 33999 "https://gomdusa.com/landing-page6" "Mozilla/5.0 (X11; Linux x86_64) AppleWebKit/537.36 (KHTML, like Gecko; compatible; pageburst) Chrome/130.0.6723.69 Safari/537.36"
217.160.202.182 - - [31/Oct/2024:21:13:27 -0400] "GET / HTTP/1.1" 200 211421 "-" "Mozilla/5.0 (Windows NT 10.0; Win64; x64) AppleWebKit/537.36 (KHTML, like Gecko) Chrome/91.0.4472.114 Safari/537.36 Edg/91.0.864.54"
66.249.92.146 - - [31/Oct/2024:21:13:59 -0400] "GET /landing-page6?tm=tt&ap=gads&aaid=adaOaZ5OTjS1P HTTP/1.1" 200 249891 "-" "AdsBot-Google (+http://www.google.com/adsbot.html)"
50.198.89.209 - - [31/Oct/2024:21:16:01 -0400] "GET /landing-page6?tm=tt&ap=gads&aaid=adaOaZ5OTjS1P&gad_source=1&gclid=EAIaIQobChMIzZiR4_q5iQMVympHAR2_aD2hEAAYASAAEgKszfD_BwE HTTP/1.1" 200 250057 "https://www.google.com/" "Mozilla/5.0 (Linux; Android 10; K) AppleWebKit/537.36 (KHTML, like Gecko) Chrome/130.0.0.0 Mobile Safari/537.36"
50.198.89.209 - - [31/Oct/2024:21:16:01 -0400] "GET /build/assets/reddit-pixel-DEgbpKmq.js HTTP/1.1" 200 432 "https://gomdusa.com/landing-page6?tm=tt&ap=gads&aaid=adaOaZ5OTjS1P&gad_source=1&gclid=EAIaIQobChMIzZiR4_q5iQMVympHAR2_aD2hEAAYASAAEgKszfD_BwE" "Mozilla/5.0 (Linux; Android 10; K) AppleWebKit/537.36 (KHTML, like Gecko) Chrome/130.0.0.0 Mobile Safari/537.36"
50.198.89.209 - - [31/Oct/2024:21:16:01 -0400] "GET /build/assets/hotjar-BRqiX2SM.js HTTP/1.1" 200 325 "https://gomdusa.com/landing-page6?tm=tt&ap=gads&aaid=adaOaZ5OTjS1P&gad_source=1&gclid=EAIaIQobChMIzZiR4_q5iQMVympHAR2_aD2hEAAYASAAEgKszfD_BwE" "Mozilla/5.0 (Linux; Android 10; K) AppleWebKit/537.36 (KHTML, like Gecko) Chrome/130.0.0.0 Mobile Safari/537.36"
50.198.89.209 - - [31/Oct/2024:21:16:01 -0400] "GET /build/assets/taboola-pixel-Cw6r5xtw.js HTTP/1.1" 200 339 "https://gomdusa.com/landing-page6?tm=tt&ap=gads&aaid=adaOaZ5OTjS1P&gad_source=1&gclid=EAIaIQobChMIzZiR4_q5iQMVympHAR2_aD2hEAAYASAAEgKszfD_BwE" "Mozilla/5.0 (Linux; Android 10; K) AppleWebKit/537.36 (KHTML, like Gecko) Chrome/130.0.0.0 Mobile Safari/537.36"
50.198.89.209 - - [31/Oct/2024:21:16:01 -0400] "GET /build/assets/snapchat-pixel-BPCopAKV.js HTTP/1.1" 200 468 "https://gomdusa.com/landing-page6?tm=tt&ap=gads&aaid=adaOaZ5OTjS1P&gad_source=1&gclid=EAIaIQobChMIzZiR4_q5iQMVympHAR2_aD2hEAAYASAAEgKszfD_BwE" "Mozilla/5.0 (Linux; Android 10; K) AppleWebKit/537.36 (KHTML, like Gecko) Chrome/130.0.0.0 Mobile Safari/537.36"
50.198.89.209 - - [31/Oct/2024:21:16:01 -0400] "GET /build/assets/tiktok-pixel-ygvEQfpF.js HTTP/1.1" 200 1010 "https://gomdusa.com/landing-page6?tm=tt&ap=gads&aaid=adaOaZ5OTjS1P&gad_source=1&gclid=EAIaIQobChMIzZiR4_q5iQMVympHAR2_aD2hEAAYASAAEgKszfD_BwE" "Mozilla/5.0 (Linux; Android 10; K) AppleWebKit/537.36 (KHTML, like Gecko) Chrome/130.0.0.0 Mobile Safari/537.36"
50.198.89.209 - - [31/Oct/2024:21:16:02 -0400] "GET /build/assets/twitter-pixel-IhqVvLLZ.js HTTP/1.1" 200 325 "https://gomdusa.com/landing-page6?tm=tt&ap=gads&aaid=adaOaZ5OTjS1P&gad_source=1&gclid=EAIaIQobChMIzZiR4_q5iQMVympHAR2_aD2hEAAYASAAEgKszfD_BwE" "Mozilla/5.0 (Linux; Android 10; K) AppleWebKit/537.36 (KHTML, like Gecko) Chrome/130.0.0.0 Mobile Safari/537.36"
50.198.89.209 - - [31/Oct/2024:21:16:01 -0400] "GET /build/assets/app-CvKm91Kh.css HTTP/1.1" 200 216872 "https://gomdusa.com/landing-page6?tm=tt&ap=gads&aaid=adaOaZ5OTjS1P&gad_source=1&gclid=EAIaIQobChMIzZiR4_q5iQMVympHAR2_aD2hEAAYASAAEgKszfD_BwE" "Mozilla/5.0 (Linux; Android 10; K) AppleWebKit/537.36 (KHTML, like Gecko) Chrome/130.0.0.0 Mobile Safari/537.36"
50.198.89.209 - - [31/Oct/2024:21:16:01 -0400] "GET /build/assets/app-B8-sjbfR.js HTTP/1.1" 200 830730 "https://gomdusa.com/landing-page6?tm=tt&ap=gads&aaid=adaOaZ5OTjS1P&gad_source=1&gclid=EAIaIQobChMIzZiR4_q5iQMVympHAR2_aD2hEAAYASAAEgKszfD_BwE" "Mozilla/5.0 (Linux; Android 10; K) AppleWebKit/537.36 (KHTML, like Gecko) Chrome/130.0.0.0 Mobile Safari/537.36"
50.198.89.209 - - [31/Oct/2024:21:16:02 -0400] "GET /build/assets/nprogress-BG52rAyG.js HTTP/1.1" 200 4627 "https://gomdusa.com/build/assets/app-B8-sjbfR.js" "Mozilla/5.0 (Linux; Android 10; K) AppleWebKit/537.36 (KHTML, like Gecko) Chrome/130.0.0.0 Mobile Safari/537.36"
50.198.89.209 - - [31/Oct/2024:21:16:02 -0400] "GET /images/logo-square.png HTTP/1.1" 200 33999 "https://gomdusa.com/landing-page6?tm=tt&ap=gads&aaid=adaOaZ5OTjS1P&gad_source=1&gclid=EAIaIQobChMIzZiR4_q5iQMVympHAR2_aD2hEAAYASAAEgKszfD_BwE" "Mozilla/5.0 (Linux; Android 10; K) AppleWebKit/537.36 (KHTML, like Gecko) Chrome/130.0.0.0 Mobile Safari/537.36"
50.198.89.209 - - [31/Oct/2024:21:16:03 -0400] "GET /favicon.ico HTTP/1.1" 200 - "https://gomdusa.com/landing-page6?tm=tt&ap=gads&aaid=adaOaZ5OTjS1P&gad_source=1&gclid=EAIaIQobChMIzZiR4_q5iQMVympHAR2_aD2hEAAYASAAEgKszfD_BwE" "Mozilla/5.0 (Linux; Android 10; K) AppleWebKit/537.36 (KHTML, like Gecko) Chrome/130.0.0.0 Mobile Safari/537.36"
200.87.246.136 - - [31/Oct/2024:21:22:08 -0400] "GET /landing-page6 HTTP/1.1" 200 249809 "https://www.google.com/" "Mozilla/5.0 (Linux; Android 10; K) AppleWebKit/537.36 (KHTML, like Gecko) Chrome/129.0.0.0 Mobile Safari/537.36"
200.87.246.136 - - [31/Oct/2024:21:22:10 -0400] "GET /build/assets/app-CvKm91Kh.css HTTP/1.1" 200 216872 "https://gomdusa.com/landing-page6" "Mozilla/5.0 (Linux; Android 10; K) AppleWebKit/537.36 (KHTML, like Gecko) Chrome/129.0.0.0 Mobile Safari/537.36"
143.137.113.5 - - [31/Oct/2024:21:22:09 -0400] "GET /landing-page6 HTTP/1.1" 200 249809 "https://www.google.com/" "Mozilla/5.0 (iPhone; CPU iPhone OS 16_3_1 like Mac OS X) AppleWebKit/605.1.15 (KHTML, like Gecko) Version/16.3 Mobile/15E148 Safari/604.1"
200.87.246.136 - - [31/Oct/2024:21:22:10 -0400] "GET /build/assets/app-B8-sjbfR.js HTTP/1.1" 200 830730 "-" "Mozilla/5.0 (Linux; Android 10; K) AppleWebKit/537.36 (KHTML, like Gecko) Chrome/129.0.0.0 Mobile Safari/537.36"
143.137.113.5 - - [31/Oct/2024:21:22:10 -0400] "GET /build/assets/app-CvKm91Kh.css HTTP/1.1" 200 216872 "https://gomdusa.com/landing-page6" "Mozilla/5.0 (iPhone; CPU iPhone OS 16_3_1 like Mac OS X) AppleWebKit/605.1.15 (KHTML, like Gecko) Version/16.3 Mobile/15E148 Safari/604.1"
220.244.136.5 - - [31/Oct/2024:21:22:09 -0400] "GET /landing-page6 HTTP/1.1" 200 249809 "https://www.google.com/" "Mozilla/5.0 (iPhone; CPU iPhone OS 17_4_1 like Mac OS X) AppleWebKit/605.1.15 (KHTML, like Gecko) Version/17.4.1 Mobile/15E148 Safari/604.1"
220.244.136.69 - - [31/Oct/2024:21:22:10 -0400] "GET /landing-page6 HTTP/1.1" 200 249809 "https://www.google.com/" "Mozilla/5.0 (iPhone; CPU iPhone OS 17_6_1 like Mac OS X) AppleWebKit/605.1.15 (KHTML, like Gecko) Version/17.6 Mobile/15E148 Safari/604.1"
200.87.246.136 - - [31/Oct/2024:21:22:10 -0400] "GET /build/assets/hotjar-BRqiX2SM.js HTTP/1.1" 200 325 "-" "Mozilla/5.0 (Linux; Android 10; K) AppleWebKit/537.36 (KHTML, like Gecko) Chrome/129.0.0.0 Mobile Safari/537.36"
143.137.113.5 - - [31/Oct/2024:21:22:11 -0400] "GET /build/assets/app-B8-sjbfR.js HTTP/1.1" 200 830730 "-" "Mozilla/5.0 (iPhone; CPU iPhone OS 16_3_1 like Mac OS X) AppleWebKit/605.1.15 (KHTML, like Gecko) Version/16.3 Mobile/15E148 Safari/604.1"
200.87.246.136 - - [31/Oct/2024:21:22:11 -0400] "GET /build/assets/reddit-pixel-DEgbpKmq.js HTTP/1.1" 200 432 "-" "Mozilla/5.0 (Linux; Android 10; K) AppleWebKit/537.36 (KHTML, like Gecko) Chrome/129.0.0.0 Mobile Safari/537.36"
200.87.246.136 - - [31/Oct/2024:21:22:11 -0400] "GET /build/assets/snapchat-pixel-BPCopAKV.js HTTP/1.1" 200 468 "-" "Mozilla/5.0 (Linux; Android 10; K) AppleWebKit/537.36 (KHTML, like Gecko) Chrome/129.0.0.0 Mobile Safari/537.36"
200.87.246.136 - - [31/Oct/2024:21:22:11 -0400] "GET /build/assets/tiktok-pixel-ygvEQfpF.js HTTP/1.1" 200 1010 "-" "Mozilla/5.0 (Linux; Android 10; K) AppleWebKit/537.36 (KHTML, like Gecko) Chrome/129.0.0.0 Mobile Safari/537.36"
200.87.246.136 - - [31/Oct/2024:21:22:11 -0400] "GET /build/assets/taboola-pixel-Cw6r5xtw.js HTTP/1.1" 200 339 "-" "Mozilla/5.0 (Linux; Android 10; K) AppleWebKit/537.36 (KHTML, like Gecko) Chrome/129.0.0.0 Mobile Safari/537.36"
200.87.246.136 - - [31/Oct/2024:21:22:11 -0400] "GET /build/assets/twitter-pixel-IhqVvLLZ.js HTTP/1.1" 200 325 "-" "Mozilla/5.0 (Linux; Android 10; K) AppleWebKit/537.36 (KHTML, like Gecko) Chrome/129.0.0.0 Mobile Safari/537.36"
220.244.136.5 - - [31/Oct/2024:21:22:11 -0400] "GET /build/assets/app-CvKm91Kh.css HTTP/1.1" 200 216872 "https://gomdusa.com/landing-page6" "Mozilla/5.0 (iPhone; CPU iPhone OS 17_4_1 like Mac OS X) AppleWebKit/605.1.15 (KHTML, like Gecko) Version/17.4.1 Mobile/15E148 Safari/604.1"
143.137.113.5 - - [31/Oct/2024:21:22:11 -0400] "GET /build/assets/hotjar-BRqiX2SM.js HTTP/1.1" 200 325 "-" "Mozilla/5.0 (iPhone; CPU iPhone OS 16_3_1 like Mac OS X) AppleWebKit/605.1.15 (KHTML, like Gecko) Version/16.3 Mobile/15E148 Safari/604.1"
200.87.246.136 - - [31/Oct/2024:21:22:11 -0400] "GET /build/assets/nprogress-BG52rAyG.js HTTP/1.1" 200 4627 "https://gomdusa.com/build/assets/app-B8-sjbfR.js" "Mozilla/5.0 (Linux; Android 10; K) AppleWebKit/537.36 (KHTML, like Gecko) Chrome/129.0.0.0 Mobile Safari/537.36"
220.244.136.69 - - [31/Oct/2024:21:22:11 -0400] "GET /build/assets/app-CvKm91Kh.css HTTP/1.1" 200 216872 "https://gomdusa.com/landing-page6" "Mozilla/5.0 (iPhone; CPU iPhone OS 17_6_1 like Mac OS X) AppleWebKit/605.1.15 (KHTML, like Gecko) Version/17.6 Mobile/15E148 Safari/604.1"
200.87.246.136 - - [31/Oct/2024:21:22:11 -0400] "GET /images/logo-square.png HTTP/1.1" 200 33999 "https://gomdusa.com/landing-page6" "Mozilla/5.0 (Linux; Android 10; K) AppleWebKit/537.36 (KHTML, like Gecko) Chrome/129.0.0.0 Mobile Safari/537.36"
143.137.113.5 - - [31/Oct/2024:21:22:12 -0400] "GET /build/assets/reddit-pixel-DEgbpKmq.js HTTP/1.1" 200 432 "-" "Mozilla/5.0 (iPhone; CPU iPhone OS 16_3_1 like Mac OS X) AppleWebKit/605.1.15 (KHTML, like Gecko) Version/16.3 Mobile/15E148 Safari/604.1"
141.168.13.196 - - [31/Oct/2024:21:22:10 -0400] "GET /landing-page6 HTTP/1.1" 200 249809 "https://www.google.com/" "Mozilla/5.0 (Linux; Android 10; K) AppleWebKit/537.36 (KHTML, like Gecko) SamsungBrowser/26.0 Chrome/122.0.0.0 Mobile Safari/537.36"
220.244.136.5 - - [31/Oct/2024:21:22:12 -0400] "GET /build/assets/app-B8-sjbfR.js HTTP/1.1" 200 830730 "-" "Mozilla/5.0 (iPhone; CPU iPhone OS 17_4_1 like Mac OS X) AppleWebKit/605.1.15 (KHTML, like Gecko) Version/17.4.1 Mobile/15E148 Safari/604.1"
143.137.113.5 - - [31/Oct/2024:21:22:12 -0400] "GET /build/assets/tiktok-pixel-ygvEQfpF.js HTTP/1.1" 200 1010 "-" "Mozilla/5.0 (iPhone; CPU iPhone OS 16_3_1 like Mac OS X) AppleWebKit/605.1.15 (KHTML, like Gecko) Version/16.3 Mobile/15E148 Safari/604.1"
143.137.113.5 - - [31/Oct/2024:21:22:12 -0400] "GET /build/assets/snapchat-pixel-BPCopAKV.js HTTP/1.1" 200 468 "-" "Mozilla/5.0 (iPhone; CPU iPhone OS 16_3_1 like Mac OS X) AppleWebKit/605.1.15 (KHTML, like Gecko) Version/16.3 Mobile/15E148 Safari/604.1"
220.244.136.69 - - [31/Oct/2024:21:22:12 -0400] "GET /build/assets/app-B8-sjbfR.js HTTP/1.1" 200 830730 "-" "Mozilla/5.0 (iPhone; CPU iPhone OS 17_6_1 like Mac OS X) AppleWebKit/605.1.15 (KHTML, like Gecko) Version/17.6 Mobile/15E148 Safari/604.1"
143.137.113.5 - - [31/Oct/2024:21:22:12 -0400] "GET /build/assets/taboola-pixel-Cw6r5xtw.js HTTP/1.1" 200 339 "-" "Mozilla/5.0 (iPhone; CPU iPhone OS 16_3_1 like Mac OS X) AppleWebKit/605.1.15 (KHTML, like Gecko) Version/16.3 Mobile/15E148 Safari/604.1"
143.137.113.5 - - [31/Oct/2024:21:22:12 -0400] "GET /build/assets/twitter-pixel-IhqVvLLZ.js HTTP/1.1" 200 325 "-" "Mozilla/5.0 (iPhone; CPU iPhone OS 16_3_1 like Mac OS X) AppleWebKit/605.1.15 (KHTML, like Gecko) Version/16.3 Mobile/15E148 Safari/604.1"
143.137.113.5 - - [31/Oct/2024:21:22:12 -0400] "GET /build/assets/nprogress-BG52rAyG.js HTTP/1.1" 200 4627 "https://gomdusa.com/build/assets/app-B8-sjbfR.js" "Mozilla/5.0 (iPhone; CPU iPhone OS 16_3_1 like Mac OS X) AppleWebKit/605.1.15 (KHTML, like Gecko) Version/16.3 Mobile/15E148 Safari/604.1"
143.137.113.5 - - [31/Oct/2024:21:22:12 -0400] "GET /images/logo-square.png HTTP/1.1" 200 33999 "https://gomdusa.com/landing-page6" "Mozilla/5.0 (iPhone; CPU iPhone OS 16_3_1 like Mac OS X) AppleWebKit/605.1.15 (KHTML, like Gecko) Version/16.3 Mobile/15E148 Safari/604.1"
220.244.136.5 - - [31/Oct/2024:21:22:12 -0400] "GET /build/assets/hotjar-BRqiX2SM.js HTTP/1.1" 200 325 "-" "Mozilla/5.0 (iPhone; CPU iPhone OS 17_4_1 like Mac OS X) AppleWebKit/605.1.15 (KHTML, like Gecko) Version/17.4.1 Mobile/15E148 Safari/604.1"
203.5.76.228 - - [31/Oct/2024:21:22:11 -0400] "GET /landing-page6 HTTP/1.1" 200 249809 "https://www.google.com/" "Mozilla/5.0 (Linux; Android 14; SM-S908E) AppleWebKit/537.36 (KHTML, like Gecko) Chrome/129.0.0.0 Mobile Safari/537.36"
220.244.136.69 - - [31/Oct/2024:21:22:13 -0400] "GET /build/assets/hotjar-BRqiX2SM.js HTTP/1.1" 200 325 "-" "Mozilla/5.0 (iPhone; CPU iPhone OS 17_6_1 like Mac OS X) AppleWebKit/605.1.15 (KHTML, like Gecko) Version/17.6 Mobile/15E148 Safari/604.1"
220.244.136.5 - - [31/Oct/2024:21:22:13 -0400] "GET /build/assets/tiktok-pixel-ygvEQfpF.js HTTP/1.1" 200 1010 "-" "Mozilla/5.0 (iPhone; CPU iPhone OS 17_4_1 like Mac OS X) AppleWebKit/605.1.15 (KHTML, like Gecko) Version/17.4.1 Mobile/15E148 Safari/604.1"
220.244.136.5 - - [31/Oct/2024:21:22:13 -0400] "GET /build/assets/reddit-pixel-DEgbpKmq.js HTTP/1.1" 200 432 "-" "Mozilla/5.0 (iPhone; CPU iPhone OS 17_4_1 like Mac OS X) AppleWebKit/605.1.15 (KHTML, like Gecko) Version/17.4.1 Mobile/15E148 Safari/604.1"
220.244.136.69 - - [31/Oct/2024:21:22:13 -0400] "GET /build/assets/reddit-pixel-DEgbpKmq.js HTTP/1.1" 200 432 "-" "Mozilla/5.0 (iPhone; CPU iPhone OS 17_6_1 like Mac OS X) AppleWebKit/605.1.15 (KHTML, like Gecko) Version/17.6 Mobile/15E148 Safari/604.1"
141.168.13.196 - - [31/Oct/2024:21:22:14 -0400] "GET /build/assets/app-CvKm91Kh.css HTTP/1.1" 200 216872 "https://gomdusa.com/landing-page6" "Mozilla/5.0 (Linux; Android 10; K) AppleWebKit/537.36 (KHTML, like Gecko) SamsungBrowser/26.0 Chrome/122.0.0.0 Mobile Safari/537.36"
220.244.136.5 - - [31/Oct/2024:21:22:14 -0400] "GET /build/assets/snapchat-pixel-BPCopAKV.js HTTP/1.1" 200 468 "-" "Mozilla/5.0 (iPhone; CPU iPhone OS 17_4_1 like Mac OS X) AppleWebKit/605.1.15 (KHTML, like Gecko) Version/17.4.1 Mobile/15E148 Safari/604.1"
203.5.76.228 - - [31/Oct/2024:21:22:14 -0400] "GET /build/assets/app-CvKm91Kh.css HTTP/1.1" 200 216872 "https://gomdusa.com/landing-page6" "Mozilla/5.0 (Linux; Android 14; SM-S908E) AppleWebKit/537.36 (KHTML, like Gecko) Chrome/129.0.0.0 Mobile Safari/537.36"
220.244.136.5 - - [31/Oct/2024:21:22:14 -0400] "GET /build/assets/taboola-pixel-Cw6r5xtw.js HTTP/1.1" 200 339 "-" "Mozilla/5.0 (iPhone; CPU iPhone OS 17_4_1 like Mac OS X) AppleWebKit/605.1.15 (KHTML, like Gecko) Version/17.4.1 Mobile/15E148 Safari/604.1"
220.244.136.69 - - [31/Oct/2024:21:22:14 -0400] "GET /build/assets/tiktok-pixel-ygvEQfpF.js HTTP/1.1" 200 1010 "-" "Mozilla/5.0 (iPhone; CPU iPhone OS 17_6_1 like Mac OS X) AppleWebKit/605.1.15 (KHTML, like Gecko) Version/17.6 Mobile/15E148 Safari/604.1"
220.244.136.5 - - [31/Oct/2024:21:22:14 -0400] "GET /build/assets/nprogress-BG52rAyG.js HTTP/1.1" 200 4627 "https://gomdusa.com/build/assets/app-B8-sjbfR.js" "Mozilla/5.0 (iPhone; CPU iPhone OS 17_4_1 like Mac OS X) AppleWebKit/605.1.15 (KHTML, like Gecko) Version/17.4.1 Mobile/15E148 Safari/604.1"
220.244.136.5 - - [31/Oct/2024:21:22:14 -0400] "GET /build/assets/twitter-pixel-IhqVvLLZ.js HTTP/1.1" 200 325 "-" "Mozilla/5.0 (iPhone; CPU iPhone OS 17_4_1 like Mac OS X) AppleWebKit/605.1.15 (KHTML, like Gecko) Version/17.4.1 Mobile/15E148 Safari/604.1"
220.244.136.5 - - [31/Oct/2024:21:22:14 -0400] "GET /images/logo-square.png HTTP/1.1" 200 33999 "https://gomdusa.com/landing-page6" "Mozilla/5.0 (iPhone; CPU iPhone OS 17_4_1 like Mac OS X) AppleWebKit/605.1.15 (KHTML, like Gecko) Version/17.4.1 Mobile/15E148 Safari/604.1"
220.244.136.69 - - [31/Oct/2024:21:22:14 -0400] "GET /build/assets/taboola-pixel-Cw6r5xtw.js HTTP/1.1" 200 339 "-" "Mozilla/5.0 (iPhone; CPU iPhone OS 17_6_1 like Mac OS X) AppleWebKit/605.1.15 (KHTML, like Gecko) Version/17.6 Mobile/15E148 Safari/604.1"
220.244.136.69 - - [31/Oct/2024:21:22:14 -0400] "GET /build/assets/snapchat-pixel-BPCopAKV.js HTTP/1.1" 200 468 "-" "Mozilla/5.0 (iPhone; CPU iPhone OS 17_6_1 like Mac OS X) AppleWebKit/605.1.15 (KHTML, like Gecko) Version/17.6 Mobile/15E148 Safari/604.1"
220.244.136.69 - - [31/Oct/2024:21:22:14 -0400] "GET /build/assets/nprogress-BG52rAyG.js HTTP/1.1" 200 4627 "https://gomdusa.com/build/assets/app-B8-sjbfR.js" "Mozilla/5.0 (iPhone; CPU iPhone OS 17_6_1 like Mac OS X) AppleWebKit/605.1.15 (KHTML, like Gecko) Version/17.6 Mobile/15E148 Safari/604.1"
141.168.13.196 - - [31/Oct/2024:21:22:14 -0400] "GET /build/assets/app-B8-sjbfR.js HTTP/1.1" 200 830730 "-" "Mozilla/5.0 (Linux; Android 10; K) AppleWebKit/537.36 (KHTML, like Gecko) SamsungBrowser/26.0 Chrome/122.0.0.0 Mobile Safari/537.36"
